3. What are the prime factors of h?
2, 17
Let h(u) = 24*u**2 - 2*u + 1. Let o be h(1). Suppose j - o = 2*r - 8, -j + 20 = -3*r. Suppose -i = -2 - j. List the prime factors of i.
7
Suppose -c - 3*w + 41 = -4, -2*w + 212 = 5*c. Suppose -5*b = 3*k - 70, -k + 0*k = -3*b + c. List the prime factors of b.
2, 7
Let u be (3 + (-6)/3)*-2. Let r = u - -14. What are the prime factors of r?
2, 3
Let w = -11 + 14. Suppose 2*n = 2*f + 52, w*n + 35 = -f + 101. What are the prime factors of n?
23
Suppose 0 = -5*w, 0*t - 3*w = -t - 20. Let z be 5/t + (-45)/(-4). Let y = -1 + z. What are the prime factors of y?
2, 5
Let y(a) = a**3 + 5*a**2 - a + 7. List the prime factors of y(-4).
3
Let z be (4/(-5))/(14/(-70)). Suppose r - z = 14. What are the prime factors of r?
2, 3
Let m = -4 + 5. Let r be 1/((-3)/9)*m. Let q = 8 + r. What are the prime factors of q?
5
Suppose -t = 4*m - 46, -4*t = -5*m - 10 + 57. What are the prime factors of m?
11
Let h = -11 + 93. What are the prime factors of h?
2, 41
Suppose -4*v + 629 = -u + 4*u, v - 153 = -5*u. List the prime factors of v.
2, 79
Suppose 15*j = 10*j + 225. List the prime factors of j.
3, 5
Let l(w) = w**2 - 9*w + 17. What are the prime factors of l(7)?
3
Let s(w) = -w**2 + 10*w - 1. Let f be s(9). List the prime factors of 47 + 4/f*4.
7
Suppose 2*l = -4*y + 298, 0 = -2*y + 4*l - l + 137. List the prime factors of y.
73
Let t(u) = u - 1. List the prime factors of t(9).
2
Let r(q) = -q + 4. Let l(b) = -2*b + 12. Let t(v) = -3*l(v) + 8*r(v). Let s be t(-3). Suppose -3 + 24 = s*w - f, 4*w = 5*f + 45. List the prime factors of w.
2, 5
Suppose -2*j = -5*j + 9. List the prime factors of j.
3
Let b = 20 - 17. Suppose 4*p + 85 = 3*g, 0*p + b = -3*p. List the prime factors of g.
3
Let z = -90 - -134. List the prime factors of z.
2, 11
Let b(r) be the third derivative of 0*r**4 + 0*r**3 - 2*r**2 + 0 + 3/20*r**5 + 0*r. List the prime factors of b(-1).
3
Let v(z) = z**3 - 6*z**2 - 2*z. What are the prime factors of v(7)?
5, 7
Let h(y) = 2*y**2 + 3*y + 1. Let q be h(-2). Suppose 0 = c, -q*c - 26 = -3*k + 19. What are the prime factors of k?
3, 5
Let s(i) = i**3 - 6*i**2 + 2*i - 9. List the prime factors of s(6).
3
Suppose -2*b + 7*b = 25. What are the prime factors of b?
5
Suppose 3*d + d = 12. Suppose -d*u = -55 - 14. List the prime factors of u.
23
Let y(j) = 3*j**2 - 4 + 7 + j**3 - 3*j**2. What are the prime factors of y(3)?
2, 3, 5
Let k(h) = -7*h + 40. What are the prime factors of k(-22)?
2, 97
Let o(c) = -9*c + 71. List the prime factors of o(-17).
2, 7
Let v(u) = u**2 + u + 311. List the prime factors of v(0).
311
Suppose 112 = 16*v - 12*v. What are the prime factors of v?
2, 7
What are the prime factors of (26/10 - 1)/((-8)/(-2020))?
2, 101
Let d = -5 - -2. Let r = d + 4. Let y = 5 - r. List the prime factors of y.
2
Suppose 0 = 3*u - g - 85, 4*g = 5*u - 69 - 68. List the prime factors of u.
29
Let l = 14 - 18. List the prime factors of (l - 70/(-4))*2.
3
Let j(r) = 11*r**2 + r + 1. Let n(q) = -4*q - 1. Let b(y) = -6*y - 1. Let w(o) = 5*b(o) - 8*n(o). Let a be w(-2). What are the prime factors of j(a)?
11
Let i be 77/(-14) + 2/4. List the prime factors of (i - -4)*(1 + -24).
23
Let j = 56 + -32. Suppose j = -f + 5*f. Suppose -l + 4 + f = 0. List the prime factors of l.
2, 5
Suppose -1924 = -17*s + 5488. What are the prime factors of s?
2, 109
Let v(n) = -n - 3. Let y be v(-6). Suppose -y*q = -5*q + z + 6, 0 = q + 3*z + 4. List the prime factors of q.
2
Let g(p) be the third derivative of -p**5/60 + p**4/8 + p**3/2 + 4*p**2. Let h(q) = q**2 - 3*q - 3. Let t(r) = -5*g(r) - 4*h(r). List the prime factors of t(6).
3, 5
Let o(g) be the first derivative of 4*g**3/3 + 3*g**2/2 + 2*g - 1. Let k be o(-2). Let p = 21 - k. List the prime factors of p.
3
Let i be (-35)/11 + 2/11. Let d be ((-19)/2)/(i/(-6)). List the prime factors of (1 - d)/2 + 0.
2, 5
Suppose 2*m + p - 88 = -2*p, -4*m + 148 = -p. List the prime factors of m.
2, 19
Let j = 1 - 0. What are the prime factors of -1*(j + -1 + -7)?
7
Let z be -5*(36/15 - 3). Suppose -z*t - 56 = -17. Let n = 24 + t. List the prime factors of n.
11
Let m(k) = -k**3 - 5*k**2 - 3*k. List the prime factors of m(-5).
3, 5
Let a(v) = -2 - 5 - v**3 - 4*v + 9 - 5*v**2. What are the prime factors of a(-4)?
2
Let i = 33 - 55. Let y = i + 54. Suppose -y - 8 = -5*u. List the prime factors of u.
2
Let t be 21/6*10 + -2. Suppose 5*c - 3*c + 24 = 4*g, -5*g + 4*c = -t. What are the prime factors of g?
5
Let l = 9 + -6. Suppose -3*k - 2*n = -2 - 12, 5*k + l*n - 23 = 0. What are the prime factors of k?
2
Let u(j) = -2*j**3 - 5*j**2 + 10*j + 6. What are the prime factors of u(-5)?
3
Let b = 4 - 4. Suppose 0 = -2*g - 2*l + 34, -g = -4*l - 2 - 0. Let k = g - b. What are the prime factors of k?
2, 7
Suppose -627 = -4*z - 91. List the prime factors of z.
2, 67
Let d(l) = -l**2 + 25*l + 22. What are the prime factors of d(20)?
2, 61
Let p = 95 + -37. Suppose 0 = 3*h - 2*n + 7*n - p, -4*h = -3*n - 29. What are the prime factors of h?
11
Let o = -25 - -39. What are the prime factors of o?
2, 7
Suppose -5*a + 131 = -2*s + 4*s, 2*a - 5*s - 35 = 0. What are the prime factors of a?
5
Suppose 13 - 1 = -3*y - 5*o, -3*y - 18 = 3*o. Let u(v) = -v**3 - 8*v**2 + 9*v + 4. List the prime factors of u(y).
2
Suppose -1 = 3*k + 14. Let m(j) = -6*j + 5. List the prime factors of m(k).
5, 7
Suppose 0 = 4*n - 106 - 134. What are the prime factors of n?
2, 3, 5
Let j(o) = 11*o. Let z(u) = -u**3 - 4*u**2 + 5*u + 1. Let r be z(-5). What are the prime factors of j(r)?
11
List the prime factors of (4/(-6))/(38/(-285)).
5
Let v = 636 + -339. What are the prime factors of v?
3, 11
Suppose 20 = 2*l + 2*l. Suppose 6 - 31 = -l*s. Suppose 18 = 3*j - 2*y, -3*y = -j + s + 8. What are the prime factors of j?
2
Let y = -12 - -60. What are the prime factors of y?
2, 3
Let z(y) = y**2 + 6*y + 145. What are the prime factors of z(0)?
5, 29
Let j(w) = -w**3 + 6*w**2 - 2*w + 9. What are the prime factors of j(5)?
2, 3
Let b = 220 + -146. List the prime factors of b.
2, 37
List the prime factors of (-2758)/(-35) - (-1)/5.
79
Let x(i) = -8*i + i**2 + 0 - 5 + 0*i**2. List the prime factors of x(9).
2
Suppose 4*n + d - 11 = -4*d, 6 = 3*n + 3*d. Let w = n + 3. What are the prime factors of w?
2
Let z be (-50)/(-6) - 2/(-3). Let c(i) = -i. Let w be c(0). Let p = w + z. List the prime factors of p.
3
Let i = -15 - -48. Suppose t + i = b - 4*t, 32 = 4*b + 5*t. Let z = 29 - b. List the prime factors of z.
2
What are the prime factors of (3 + -2 + 26)/1?
3
Suppose 468 = w + 4*n, 0 = -2*w - n - 381 + 1303. What are the prime factors of w?
2, 5, 23
Suppose -119 - 40 = -3*q. Suppose -5*w = 4*m - q, -38 + 11 = -3*w - 4*m. List the prime factors of w.
13
Let r = 76 + -135. Let s = r + 94. Suppose -5*f + 15 = 5*t, 5*t = -f - 0*f + s. List the prime factors of t.
2
Suppose -j = -o - 2, 2*j + 2*j + 27 = -3*o. Let m be j + 74/2 + -2. Suppose -y - m = -5*y. List the prime factors of y.
2
Suppose 0 = 4*n + 5*a - a - 24, n = -4*a + 18. Let v(s) = 1 - 7 - n - 3*s. List the prime factors of v(-6).
2, 5
Suppose -7*k + 157 = -6*k. List the prime factors of k.
157
Suppose -3*y = -2*b + 6*b - 13, -b + 5 = y. Let q = 9 - y. List the prime factors of q.
2
Suppose -4*r + 2*n - 2 = 0, 2*n - 12 = 4*r - 2*n. Suppose -r = -2*d + 54. What are the prime factors of d?
2, 7
Suppose 20 = 5*i - 40. Suppose -2*m + i = m. Suppose m*y - 3*y = 12. What are the prime factors of y?
2, 3
Let t be 2/4*(-3 - 1). What are the prime factors of t/5 + (-57)/(-5)?
11
Let v(l) = l**2 + l - 4. Suppose s = 2*y - 6*y + 1, -5*y + 3 = 3*s. Let b be ((-1)/s)/((-1)/(-3)). List the prime factors of v(b).
2
What are the prime factors of -6 + 2 + (4 - -3)?
3
Let y(z) = -z**3 + 7*z**2 + 10. Let q be y(7). Suppose -5*b + 2*p - 10 = 0, 0 = 5*b + 7*p - 2*p + q. List the prime factors of -14*b/(-4)*-1.
7
Suppose -4*n + 8*t = 4*t - 48, -2*n = 4*t. Suppose 2*a + 0*r - 10 = 3*r, -n = 4*r. Let j(y) = y**3 + y**2 - 3*y + 3. List the prime factors of j(a).
3
Let m = 6 - 4. Suppose m*o = -3*z + 23, z + z + o = 14. Suppose 14 = z*k - 1. List the prime factors of k.
3
Let r = -32 - -124. List the prime factors of r.
2, 23
Let y = 153 - 77. What are the prime factors of y?
2, 19
Suppose -2*l + 4*l + 5*o = 1, 3 = -3*o. Suppose